9 = 5*c + d. Let b be 59 + (-4 - (-3 - 4/c)). Let i = 62 - b. Calculate the remainder when 11 is divided by i.
2
Suppose 584*p + 9857 = 616*p - 2431. What is the remainder when 797 is divided by p?
29
Let k(x) = -x**3 - 6*x**2 - 3*x - 8. Let u be k(-6). Calculate the remainder when 263 is divided by (-48)/(-10)*(-1)/(u/(-25)).
11
Let n = 197 + -196. Let x(f) = 457*f - 10. What is the remainder when x(n) is divided by 32?
31
Let z = 793 + 465. What is the remainder when z is divided by 23?
16
Let h = -4455 - -4599. What is the remainder when 1006 is divided by h?
142
Suppose 33 = 4*t - 3*g, 2799*t - 21 = 2796*t + 3*g. Calculate the remainder when ((-42)/4)/((-1)/26) is divided by t.
9
Let p = -3574 + 3603. What is the remainder when 5039 is divided by p?
22
Let f = -47 - -52. Suppose 3*l - 44 = 10. Calculate the remainder when 6*(17/f)/(2/5) is divided by l.
15
Suppose -298 - 304 = -7*d. What is the remainder when d is divided by (0 - (3 + -28)) + -2?
17
Suppose -16*j = -343 - 1897. Calculate the remainder when 174 is divided by j.
34
Let f be (-4 - 0 - -4)/2. Suppose f = -g + 48 - 7. Suppose -600 = -8*q + 3*q. What is the remainder when q is divided by g?
38
Suppose -x - 26720 = -3*q - 8194, -2*q = -x - 12351. Calculate the remainder when q is divided by 206.
201
Let s = 5068 - 5048. What is the remainder when 955 is divided by s?
15
Let a = -780 - -788. Calculate the remainder when 3197 is divided by a.
5
Suppose 0 = -2*t + 8, -3*o - t = -0*t - 379. Let v = o + -182. Let z = v - -76. What is the remainder when 35 is divided by z?
16
What is the remainder when 352 is divided by (-500)/(-14) - (-1920)/(-1120)?
12
Suppose 12*n - 204 = -60. Suppose 304 = n*r - 44. Calculate the remainder when r is divided by 4.
1
Let w(q) = 12*q - 178. Let u be w(0). Let k = -170 - u. Calculate the remainder when k is divided by 2.
0
Calculate the remainder when 143/(-52) - (-1179)/36 is divided by 16.
14
Suppose -85*c + 104*c - 1330 = 0. What is the remainder when 489 is divided by c?
69
Let o be -1 + (-1)/(-2 - -1). Suppose o = -5*v + 25 + 180. Let w(l) = 146*l + 2604. What is the remainder when w(-17) is divided by v?
40
Suppose -5*b - 4*j = -3523, b = 3*j - 2*j + 701. Suppose 758 = 24*r - 370. Calculate the remainder when b is divided by r.
45
Suppose 93*c = 5*h + 94*c - 18125, 0 = 2*c. What is the remainder when h is divided by 14?
13
Let y = 55 - -29. Let f = 285 + -270. What is the remainder when y is divided by f?
9
Let v(k) = k**3 - 74*k**2 + 529*k + 198. Calculate the remainder when 265 is divided by v(66).
1
Let u(n) = 4*n**2 + 25*n + 120. Calculate the remainder when u(-13) is divided by 36.
3
What is the remainder when (36764/12 + -1)*66/88 is divided by 760?
17
Suppose 0 = 3*i + 5*s - 27, i - 2*s - 6 = -2*i. Let a be 0 - 1*(i + -4). Suppose a*q - 3*q + 93 = 0. Calculate the remainder when q is divided by 12.
7
Let y = -19605 - -20003. Calculate the remainder when y is divided by 52.
34
Let r = -1396 + 1527. Suppose 3*x = -0*x + 2*p + 75, 5*p = -5*x + 150. Calculate the remainder when r is divided by x.
23
Let k(s) = s**3 - 74*s**2 + 408*s + 31. Calculate the remainder when 1423 is divided by k(68).
28
Suppose 4*l = 3*c + 244, 34 = -2*l - 3*c + 174. Suppose 37*z + 53*z - 1100 = -20*z. Calculate the remainder when l is divided by z.
4
Let f(b) = -b**3 + 8*b**2 - 5*b. Let j(r) = -369*r**2 + 25094*r - 127. Calculate the remainder when f(6) is divided by j(68).
6
Calculate the remainder when (-73993)/(-305) + (-8)/(-20) is divided by 90.
63
Suppose -o - 5*g - 27 = 0, 27*g = 10*o + 29*g - 66. What is the remainder when (3/(-9))/(5/(-3195)) is divided by o?
5
Let a = -155 - -294. Suppose -a + 14 = -5*f. Let t = -127208 - -127222. Calculate the remainder when f is divided by t.
11
Let h(i) = -320*i - 4044. Let x(v) = -49*v - 622. Let o(t) = 5*h(t) - 32*x(t). Let p = 14 + -4. Calculate the remainder when p is divided by o(-10).
2
Suppose 23*w = -11*w + 102. Suppose 407 = 5*s - w*i + 87, 25 = 5*i. Calculate the remainder when s is divided by 34.
33
Suppose 80*o - 181613 = 139*o - 482395. What is the remainder when o is divided by 34?
32
Let q(r) = 0 + 5 + 4*r + 90*r. Let x be q(6). Suppose -5*p - x = -4*y, -p = -5*y - 3*p + 670. What is the remainder when y is divided by 46?
44
Let p(c) = 12*c**2 - 567*c + 140. What is the remainder when p(49) is divided by 325?
194
Let x be (29/(-2))/(5/(-10*5)). Let s = 153 - x. Let y = 33 - 20. What is the remainder when y is divided by s?
5
Let a(j) = j**3 + 7*j**2 - j + 4. Let k(p) = p**3 - 5*p**2 - 151*p + 781. What is the remainder when a(-6) is divided by k(5)?
20
Calculate the remainder when 2/1*1938/12 is divided by 9.
8
Suppose 106*x = -101*x + 236*x - 986. Suppose -5*c + 29 = -6. Calculate the remainder when x is divided by c.
6
Suppose 50*j - 41575 = 13*j + 12*j. Calculate the remainder when j is divided by 28.
11
Suppose 27*l - 9*l = 792. Calculate the remainder when l + (-1 - (-3 + 6)) is divided by 8.
0
Let y(c) = c**3 + 8*c**2 + 5*c - 5. Let w(x) = 2*x**3 - 5*x**2 - 4. Let b = 136 - 133. Calculate the remainder when y(-7) is divided by w(b).
4
Let i(c) = -c**3 - 16*c**2 + 107*c - 3. What is the remainder when 1397 is divided by i(5)?
4
Suppose -13*m + 12065 - 11636 = 0. What is the remainder when 1483 is divided by m?
31
Let k(f) = f**2 - 13*f - 1896. Calculate the remainder when 522 is divided by k(52).
126
Calculate the remainder when 428 is divided by (-714)/187 + (-4)/22 + (-2 - -8).
0
Let u(m) = -20*m + 171. Let b(v) = -7*v + 103. Let c be b(14). Suppose 2*d - 33 = d - 2*t, 0 = -4*t - 8. What is the remainder when u(c) is divided by d?
34
Let d(v) = 34*v + 82. Let a be d(7). Let w = 335 - a. What is the remainder when 23 is divided by w?
8
Suppose -15264 = -120*i - 39*i. Calculate the remainder when 285 is divided by i.
93
Suppose -5*u - 14*o + 17*o = -177, 4*o + 68 = 2*u. Calculate the remainder when 2447 is divided by u.
35
Suppose b - 611 = 2*h, -2*b + 181 = -h - 132. Let k = -211 - h. Calculate the remainder when 180 is divided by k.
88
Suppose -24283 = -24*t + 33533. Calculate the remainder when t is divided by 18.
15
Let b(c) = -c**3 + 21*c**2 - c + 26. Let u be b(21). Suppose -57 = r - t, -u*r + t = -2*t + 279. Let o = 67 + r. What is the remainder when 77 is divided by o?
12
Suppose 6 = -5*p + 436. Calculate the remainder when p is divided by ((-13)/(-2))/((-66)/66 - (-6)/4).
8
Let s = 13398 - 10562. Calculate the remainder when s is divided by 16.
4
Suppose -d = 3, -q - 4*d - 180 = -5*q. Let j(g) = -g**3 - 55*g**2 - 205*g + 1. What is the remainder when q is divided by j(-4)?
2
Suppose 4*o + 49 = -3*i + 44, -3*o = -2*i + 25. Let d(r) = r**2 + 2*r + 1. Let p be d(-3). Suppose 3*q = p*q - 28. What is the remainder when q is divided by i?
3
Suppose -5*n = 5, 0 = 4*j + 9*n - 7*n + 30. Calculate the remainder when 59 is divided by 28/j*(11 + -12).
3
Let s = 9325 + -9130. Calculate the remainder when 302 is divided by s.
107
Let t = -2286 - -2329. What is the remainder when 306 is divided by t?
5
Let y be 8664/108 + 2/(-9). Suppose 5*k + y = 5*m, 15 = k + 2*k. Calculate the remainder when m is divided by 14.
7
Let x = 7746 - 7542. What is the remainder when 677 is divided by x?
65
Let o(w) = 2*w**2 - 8*w - 2. Suppose 0 = -t - 3, 2*v + v + 3*t = 9. Suppose 1 = z - 4. What is the remainder when o(v) is divided by z?
2
Let w = 2364 + -2330. What is the remainder when 249 is divided by w?
11
Let r = -3871 + 4248. Calculate the remainder when r is divided by 77.
69
Let r(t) = 4*t - 15. Let g be (6/7)/((-2)/(-42)). Let p be r(g). Let u = -51 + p. Calculate the remainder when 23 is divided by u.
5
Let f(j) = -72*j**2 - 6*j + 115. Calculate the remainder when 2286 is divided by f(0).
101
Let z = -1970 + 3221. What is the remainder when z is divided by 155?
11
Calculate the remainder when (-1871)/(4/((-5)/((-25)/(-20)))) is divided by 1871.
0
Let s(m) = 28*m + 1717. What is the remainder when 4328 is divided by s(-60)?
36
Let r = -83 - -133. Suppose -r = -3*a + 85. What is the remainder when a is divided by 40?
5
Suppose -10 = 2*p - 3*o, -3 - 5 = 5*p + o. Let f(a) = -4*a**3 - a + 1. What is the remainder when 523 is divided by f(p)?
33
Let n = 26646 - 18117. What is the remainder when n is divided by 79?
